-3*a + 907 = -j. List the prime factors of a.
2, 19
Let n = -12 + 16. Let h be (n/(-6))/((-6)/27). Suppose -4*q = -h*y - 18 + 1, q = -3*y + 23. What are the prime factors of q?
2
Let x be (-130)/3*6/(-4). Suppose 5*k + x = 5*y, 4*y + 4*k = 5 + 23. List the prime factors of y.
2, 5
What are the prime factors of 2/(-12) - 9484/(-24)?
5, 79
Suppose -46 = -y + 2. Suppose -36 = -2*b + y. List the prime factors of b.
2, 3, 7
Let u = 15 + -45. Let q = u - -36. What are the prime factors of -37*(-3)/(-3 + q)?
37
Let z = 4 - 7. Let r(m) = m**2 - 3*m + 1. Let y be r(4). List the prime factors of y - (-12 - z)/(-3).
2
Let l(v) = -47*v - 78. Suppose 5*c + 3*h + 50 = -0*c, 4*h - 8 = 4*c. What are the prime factors of l(c)?
251
Let q(n) = 106*n - 58. What are the prime factors of q(5)?
2, 59
Let y(r) = -r**2 - 4*r + 2. Let g be y(-4). Suppose -146 = 2*f - 7*f + 3*i, g*i - 68 = -2*f. Let n = f + -28. What are the prime factors of n?
3
Let m = -83 - -217. What are the prime factors of m?
2, 67
Let b = 6038 + -2728. List the prime factors of b.
2, 5, 331
Suppose -30*o + 32*o = 528. Let t = o - 158. List the prime factors of t.
2, 53
Let f(h) be the second derivative of -9*h**3/2 + 3*h**2/2 - 3*h. List the prime factors of f(-2).
3, 19
Suppose 3*g - 164 = -8. Suppose 41*w - 43*w + g = 0. List the prime factors of w.
2, 13
Suppose -353040 = -51*l - 29*l. What are the prime factors of l?
3, 1471
Let r(t) = -26*t**3 - t**2 + t + 1. Let l = 38 - 39. What are the prime factors of r(l)?
5
List the prime factors of 8656/10 + 38/95.
2, 433
Let o(g) = -g**3 - 6*g**2 + 51*g - 28. What are the prime factors of o(-14)?
2, 7, 59
Let b be 5 + -5 + 1 - -104. Let c = 67 + b. List the prime factors of c.
2, 43
Let r(a) = 2*a - 26. Let d(q) = 4*q - 52. Let t(o) = -3*d(o) + 5*r(o). Let n be t(11). Suppose -169 = -n*b + 107. List the prime factors of b.
3, 23
Suppose -35*r - 9*r = -33572. List the prime factors of r.
7, 109
Let v be (1/4*-5)/(4/(-28880)). List the prime factors of (-5)/(-3) - v/(-57).
2, 5
Let x(m) = 17*m + 21. Let c be x(-6). Let i = -47 - c. Let l = 61 - i. List the prime factors of l.
3
Let n be 1386/27 + (-4)/(-6). Suppose 0*t - 2*t + 3*x = -28, -3*t + 2*x + n = 0. Let m = -2 + t. List the prime factors of m.
2, 3
Let n = -125 + 182. Let k = -39 + n. List the prime factors of k.
2, 3
Let b(r) = -3*r**3 - 13*r**2 - 17*r - 87. What are the prime factors of b(-11)?
2, 3, 5, 7
Let o be ((-2)/(-3))/((-6)/(-423)). Suppose -337 = -5*p - o. Let c = 108 - p. List the prime factors of c.
2, 5
Let b(h) = -4*h - 9. Let g be (-49)/3 + (-3)/(-9). Let i be 4/g + (-46)/8. What are the prime factors of b(i)?
3, 5
Let s be 981/5 - (-9)/(-45). Suppose 7*z - s = -7*z. List the prime factors of z.
2, 7
Let x = 18 - 13. Suppose -z - 137 = -m + 33, -x*z - 830 = -m. Let r = -115 - z. What are the prime factors of r?
2, 5
Suppose 14*q - 10944 - 35116 = 0. What are the prime factors of q?
2, 5, 7, 47
Suppose -25 = o + x, 4*x + 129 = -0*o - 5*o. Let q = -24 - o. Suppose 151 = 3*b - 4*s, 4*b - 3*b - q*s - 54 = 0. List the prime factors of b.
7
Let c be 1/(-4*(-3)/48). Suppose -56*j = -52*j - 8. What are the prime factors of j/(9/(198/c))?
11
Let s(g) = -137*g**3 - g**2 - 93*g - 91. What are the prime factors of s(-1)?
2, 3, 23
Let a = 347 - -817. List the prime factors of a.
2, 3, 97
Let p = 238 + -131. Suppose -u + 3*f = -3 - p, 4*f + 506 = 5*u. Suppose 10 - u = -4*d. What are the prime factors of d?
2, 11
Suppose -42904 = -302*m + 294*m. List the prime factors of m.
31, 173
Let m = -4 - 7. Let y = -36 - m. Let p = y - -48. What are the prime factors of p?
23
Let h(s) be the first derivative of -s**3/3 - 8*s**2 + 21*s - 9. Let z be h(-15). Let j = z + 23. List the prime factors of j.
59
Let j(x) = -x**3 - 10*x**2 - 8*x + 12. Let i be ((-60)/(-25))/6 - 94/10. List the prime factors of j(i).
3
Let t = 18 - 48. Let r = 8 - t. What are the prime factors of r?
2, 19
Let s(y) = -y**3 + 7*y**2 - 7*y + 8. Let r be s(6). Suppose 3*h = r*w - 0*w + 182, 3*w = 4*h - 242. What are the prime factors of h?
2, 31
Let c be (-4 - -3)/(5/(-90)). Suppose c*a = 16*a + 84. What are the prime factors of a?
2, 3, 7
Let r be ((-2)/(-6*1))/((-1)/15). What are the prime factors of 10*(0 - r/10)?
5
Let c = 127 + -126. List the prime factors of 6/10 + c + (-1368)/(-20).
2, 5, 7
Suppose 5*w = -8 + 23. Suppose w*p - 120 = -2*p. Suppose -2*b + 24 = -p. What are the prime factors of b?
2, 3
Suppose -5 = -2*k - 2*r + 3, -17 = -5*k - 2*r. Suppose -17 = k*z + 13. List the prime factors of (0 + 16)*z/(-4).
2, 5
Suppose 0 = 12*t - 7*t - 210. Let d be 47/(-3) + (-14)/t. List the prime factors of 20*4*(-2)/d.
2, 5
Let s(m) = m**2 - 14*m + 8. Let k be s(13). Let h = 0 - k. Suppose -157 = -h*g + 3. List the prime factors of g.
2
Let q(h) = -h**3 + 7*h**2 + 3*h - 4. Let f be q(6). Let k = -20 + f. Let x = k + 27. What are the prime factors of x?
3, 19
Let u(w) = w**3 + 5*w**2 + 3*w + 1. Let k be u(-3). Let r = -16 + k. List the prime factors of 38/6 + (-4)/r.
7
Let w(d) = d**3 + 8*d**2 + 9*d + 14. Let h be w(-7). Suppose h = 3*p + k - 176, -5*p + 5*k = -217 - 43. List the prime factors of p.
3, 19
Let t = -7 - -1695. Suppose 8*q + 0*q = t. What are the prime factors of q?
211
Let s = 1474 + -466. What are the prime factors of s?
2, 3, 7
Suppose -4*g - 16 = j, 13 = -0*g + g - 4*j. What are the prime factors of (-45)/g + 3 + -4?
2, 7
Let f be ((-266)/6)/((-10)/30). Suppose -67 - 37 = 3*k + 5*o, o = -4*k - f. Let c = 1 - k. List the prime factors of c.
2, 17
Suppose -2684 = -636*y + 635*y. List the prime factors of y.
2, 11, 61
Let k(g) = 5*g**2 - 3*g + 1. Let j(f) = 6*f**2 - 4*f + 1. Let x(i) = -2*j(i) + 3*k(i). Let h(s) = -s + 9. Let y be h(6). List the prime factors of x(y).
5
Let s(k) = k**3 + 11*k**2 - 3*k + 6. Let w be s(-7). Suppose -m = 93 - w. Suppose -4*c + 6*c = 4*z - m, -2*c = z - 20. What are the prime factors of z?
2, 3, 5
Let m = 6 + -4. Suppose 0 = m*f - j - 1, 49 = 3*f + 5*j + 15. Suppose -4*n = -x - 4*x + 84, -2*n = f*x - 46. What are the prime factors of x?
2
Let r be 1 - 1 - (-6 + -3 + -5). Suppose r*z = -z + 1275. List the prime factors of z.
5, 17
Let a be 7/((-21)/(-306)) - 4. Suppose 2*y - 228 = a. What are the prime factors of y?
163
Suppose -34 + 15 = -5*m - r, 6 = 2*m + 2*r. Suppose 0 = 2*s + m*d - 5*d - 19, 0 = -d - 1. List the prime factors of s.
3
Let d be ((-4)/6 - (-14)/21) + -547. Let w = -385 - d. What are the prime factors of w?
2, 3
List the prime factors of ((-8)/16)/(1/(-290)).
5, 29
Let d(k) be the third derivative of 59*k**6/60 + k**5/30 - k**4/6 + k**3/3 - 14*k**2. List the prime factors of d(1).
2, 59
Let x = 6 - -27. Suppose -5*p = -5*i + 55, -i + 4*i = -2*p + x. What are the prime factors of i?
11
Suppose v - r = 268, -2*v = 4*r - r - 526. Suppose u = -u + v. Suppose -75 = -3*a + 4*g, 2*g = -3*a - 40 + u. What are the prime factors of a?
29
Let j = -16 + 19. Suppose 2*o - 4*c - 10 = -0*o, -3*o + 12 = -j*c. Suppose 8*x - 225 = o*x. What are the prime factors of x?
3, 5
Let b(j) = -j**3 - 6*j**2 + 3. Let q be b(-6). Suppose 46 = -3*n + 5*y + 6, n + q*y - 10 = 0. Let k(u) = -2*u - 2. What are the prime factors of k(n)?
2
Suppose -h - 24518 = -5*g, 4*g - 11*h = -7*h + 19624. List the prime factors of g.
4903
Suppose 2*q - p = 178, -6*q + 436 = -q + 2*p. List the prime factors of (-26)/22 + 1 - (-4592)/q.
2, 13
Let y(t) = -t**3 - 10*t**2 + 12*t + 14. Let v be y(-11). Suppose 0 = p + v*p. Let d = 23 - p. List the prime factors of d.
23
Let z(q) = 10*q**2 - 3*q + 1. Let l be z(2). Let d = l - 13. Let g = d + 14. What are the prime factors of g?
2, 3
Suppose 0 = -4*d - d + 30. What are the prime factors of d/15 - (-990)/25?
2, 5
Suppose 3*k - 4*f = 275, 7*k + f = 6*k + 94. List the prime factors of k.
3, 31
Suppose 1132 = 9*w - 785. What are the prime factors of w?
3, 71
Let q(r) = r + 13. Let b be q(-9). Suppose l + b*s - 14 = 0, 2*l + 19 = 4*l - s. Suppose l = -2*m + 60. List the prime factors of m.
5
Let m = 1548 - 866. What are the prime factors of m?
2, 11, 31
Suppose 6*c - 3*c = 15. Suppose 3*y + 2*b = 16, 2*y - y + c*b = -12. Let f = y - 0. List the prime factors of f.
2
Let k be 2/(-5)*(2 + -97). Suppose -94 = -4*p - 6*h + h, 2*p - 2*h = k. What are the prime factors of (32/48)/(1/p)